rs of 2597?
7, 53
List the prime factors of 7851.
3, 2617
List the prime factors of 7910.
2, 5, 7, 113
List the prime factors of 7355.
5, 1471
List the prime factors of 87602.
2, 43801
List the prime factors of 300.
2, 3, 5
List the prime factors of 1109.
1109
What are the prime factors of 41560?
2, 5, 1039
What are the prime factors of 38989?
127, 307
What are the prime factors of 6708?
2, 3, 13, 43
What are the prime factors of 76753?
76753
What are the prime factors of 49227?
3, 61, 269
What are the prime factors of 20049?
3, 41, 163
What are the prime factors of 86249?
86249
List the prime factors of 91011.
3, 23, 1319
What are the prime factors of 30020?
2, 5, 19, 79
List the prime factors of 20235.
3, 5, 19, 71
List the prime factors of 4044.
2, 3, 337
List the prime factors of 755.
5, 151
What are the prime factors of 3602?
2, 1801
What are the prime factors of 49059?
3, 23, 79
What are the prime factors of 764?
2, 191
What are the prime factors of 3225?
3, 5, 43
List the prime factors of 6306.
2, 3, 1051
List the prime factors of 82879.
67, 1237
List the prime factors of 650.
2, 5, 13
What are the prime factors of 1479?
3, 17, 29
What are the prime factors of 22068?
2, 3, 613
What are the prime factors of 5733?
3, 7, 13
What are the prime factors of 2814?
2, 3, 7, 67
What are the prime factors of 5029?
47, 107
List the prime factors of 3489.
3, 1163
What are the prime factors of 39382?
2, 7, 29, 97
List the prime factors of 37719.
3, 11, 127
What are the prime factors of 1198?
2, 599
What are the prime factors of 69966?
2, 3, 13, 23
List the prime factors of 1192.
2, 149
List the prime factors of 50140.
2, 5, 23, 109
List the prime factors of 15279.
3, 11, 463
What are the prime factors of 6001?
17, 353
List the prime factors of 488.
2, 61
What are the prime factors of 4662?
2, 3, 7, 37
What are the prime factors of 5971?
7, 853
List the prime factors of 34504.
2, 19, 227
List the prime factors of 11740.
2, 5, 587
List the prime factors of 3048.
2, 3, 127
List the prime factors of 3254.
2, 1627
List the prime factors of 13115.
5, 43, 61
What are the prime factors of 25027?
29, 863
List the prime factors of 20713.
7, 11, 269
What are the prime factors of 819?
3, 7, 13
What are the prime factors of 8444?
2, 2111
What are the prime factors of 224?
2, 7
What are the prime factors of 12532?
2, 13, 241
What are the prime factors of 1189?
29, 41
What are the prime factors of 13966?
2, 6983
What are the prime factors of 29072?
2, 23, 79
List the prime factors of 111331.
11, 29, 349
List the prime factors of 133064.
2, 16633
What are the prime factors of 28985?
5, 11, 17, 31
List the prime factors of 2208.
2, 3, 23
What are the prime factors of 530?
2, 5, 53
What are the prime factors of 41187?
3, 13729
What are the prime factors of 24113?
24113
What are the prime factors of 2424?
2, 3, 101
What are the prime factors of 138?
2, 3, 23
What are the prime factors of 11336?
2, 13, 109
List the prime factors of 23321.
23321
What are the prime factors of 69159?
3, 23053
What are the prime factors of 3021?
3, 19, 53
List the prime factors of 8230.
2, 5, 823
List the prime factors of 4073.
4073
What are the prime factors of 21031?
21031
List the prime factors of 44541.
3, 7, 101
What are the prime factors of 824?
2, 103
What are the prime factors of 2851?
2851
List the prime factors of 4220.
2, 5, 211
What are the prime factors of 301?
7, 43
List the prime factors of 18358.
2, 67, 137
What are the prime factors of 1733?
1733
List the prime factors of 596.
2, 149
List the prime factors of 14119.
7, 2017
List the prime factors of 163603.
11, 107, 139
List the prime factors of 372.
2, 3, 31
What are the prime factors of 1873?
1873
What are the prime factors of 2985?
3, 5, 199
List the prime factors of 5168.
2, 17, 19
What are the prime factors of 11607?
3, 53, 73
What are the prime factors of 2372?
2, 593
List the prime factors of 668.
2, 167
What are the prime factors of 127252?
2, 29, 1097
What are the prime factors of 813?
3, 271
List the prime factors of 6462.
2, 3, 359
What are the prime factors of 75913?
75913
What are the prime factors of 812?
2, 7, 29
List the prime factors of 91046.
2, 45523
List the prime factors of 6412.
2, 7, 229
What are the prime factors of 2907?
3, 17, 19
What are the prime factors of 32566?
2, 19, 857
What are the prime factors of 9186?
2, 3, 1531
What are the prime factors of 1641?
3, 547
What are the prime factors of 21?
3, 7
What are the prime factors of 5087?
5087
List the prime factors of 35027.
35027
What are the prime factors of 2183?
37, 59
What are the prime factors of 991?
991
List the prime factors of 2644.
2, 661
What are the prime factors of 86555?
5, 7, 2473
What are the prime factors of 1400?
2, 5, 7
What are the prime factors of 61?
61
What are the prime factors of 2524?
2, 631
List the prime factors of 28040.
2, 5, 701
List the prime factors of 92365.
5, 7, 13, 29
What are the prime factors of 1408?
2, 11
What are the prime factors of 1894?
2, 947
List the prime factors of 2397.
3, 17, 47
List the prime factors of 29113.
7, 4159
List the prime factors of 5093.
11, 463
What are the prime factors of 50653?
37
List the prime factors of 441.
3, 7
What are the prime factors of 60932?
2, 15233
What are the prime factors of 326?
2, 163
What are the prime factors of 5848?
2, 17, 43
What are the prime factors of 11606?
2, 7, 829
List the prime factors of 3149.
47, 67
What are the prime factors of 33661?
41, 821
List the prime factors of 18175.
5, 727
List the prime factors of 22311.
3, 37, 67
What are the prime factors of 5182?
2, 2591
What are the prime factors of 3218?
2, 1609
What are the prime factors of 7651?
7, 1093
What are the prime factors of 18145?
5, 19, 191
What are the prime factors of 139?
139
List the prime factors of 165416.
2, 23, 29, 31
What are the prime factors of 112628?
2, 37, 761
List the prime factors of 164099.
13, 971
What are the prime factors of 2445?
3, 5, 163
List the prime factors of 79864.
2, 67, 149
What are the prime factors of 340?
2, 5, 17
List the prime factors of 27645.
3, 5, 19, 97
What are the prime factors of 109783?
311, 353
List the prime factors of 101364.
2, 3, 8447
List the prime factors of 11563.
31, 373
What are the prime factors of 619?
619
List the prime factors of 303.
3, 101
What are the prime factors of 1637?
1637
List the prime factors of 3818.
2, 23, 83
What are the prime factors of 1338?
2, 3, 223
What are the prime factors of 758?
2, 379
What are the prime factors of 673?
673
What are the prime factors of 2555?
5, 7, 73
What are the prime factors of 12787?
19, 673
List the prime factors of 2657.
2657
What are the prime factors of 11761?
19, 619
What are the prime factors of 12303?
3, 1367
What are the prime factors of 9918?
2, 3, 19, 29
What are the prime factors of 4962?
2, 3, 827
What are the prime factors of 16210?
2, 5, 1621
List the prime factors of 960.
2, 3, 5
What are the prime factors of 1022?
2, 7, 73
What are the prime factors of 17355?
3, 5, 13, 89
List the prime factors of 6320.
2, 5, 79
What are the prime factors of 3495?
3, 5, 233
What are the prime factors of 295?
5, 59
What are the prime factors of 1214?
2, 607
List the prime factors of 512.
2
List the prime factors of 1020.
2, 3, 5, 17
List the prime factors of 1639.
11, 149
What are the prime factors of 534?
2, 3, 89
List the prime factors of 3210.
2, 3, 5, 107
What are the prime factors of 128?
2
What are the prime factors of 44610?
2, 3, 5, 1487
List the prime factors of 9099.
3, 337
List the prime factors of 90648.
2, 3, 1259
What are the prime factors of 6462?
2, 3, 359
List the prime factors of 31294.
2, 15647
What are the prime factors of 302?
2, 151
List the prime factors of 9095.
5, 17, 107
What are the prime factors of 7458?
2, 3, 11, 113
List the prime factors of 5810.
2, 5, 7, 83
List the prime factors of 5575.
5, 223
What are the prime factors of 1250?
2, 5
What are the prime factors of 5453?
7, 19, 41
List the prime factors of 43788.
2, 3, 41, 89
List the prime factors of 859.
859
What are the prime factors of 29862?
2, 3, 7, 79
What are the prime factors of 2012?
2, 503
What are the prime factors of 9829?
9829
What are the prime factors of 13494?
2, 3, 13, 173
What are th